{"id":901,"date":"2022-07-06T19:05:06","date_gmt":"2022-07-06T17:05:06","guid":{"rendered":"http:\/\/ok-coach-scolaire.fr\/?page_id=901"},"modified":"2022-07-12T11:49:17","modified_gmt":"2022-07-12T09:49:17","slug":"coaching","status":"publish","type":"page","link":"https:\/\/ok-coach-scolaire.fr\/index.php\/coaching\/","title":{"rendered":"Coaching scolaire"},"content":{"rendered":"<div id=\"pl-901\"  class=\"panel-layout\" ><div id=\"pg-901-0\"  class=\"panel-grid panel-no-style\" ><div id=\"pgc-901-0-0\"  class=\"panel-grid-cell\" ><div id=\"panel-901-0-0-0\" class=\"so-panel widget widget_themegrill_flash_image tg-widget tg-image-widget panel-first-child panel-last-child\" data-index=\"0\" >\t<img decoding=\"async\" src=\"http:\/\/ok-coach-scolaire.fr\/wp-content\/uploads\/2022\/07\/bandeau2.jpg\" \/>\n<\/div><\/div><\/div><div id=\"pg-901-1\"  class=\"panel-grid panel-no-style\" ><div id=\"pgc-901-1-0\"  class=\"panel-grid-cell\" ><div id=\"panel-901-1-0-0\" class=\"so-panel widget widget_themegrill_flash_service tg-widget tg-single-service panel-first-child panel-last-child\" data-index=\"1\" ><div class=\"flash_inherit_color panel-widget-style panel-widget-style-for-901-1-0-0\" >\n<div class=\"tg-service-widget tg-service-layout-1\">\n\t<div class=\"service-wrapper\">\n\t\t<div class=\"service-icon-title-wrapper clearfix\">\n\t\t\t\t\t\t\t\t\t\t\t<\/div>\n\t\t\t\t<div class=\"service-content-wrap\">Lorem ipsum dolor sit amet, consectetur adipiscing elit, sed do eiusmod tempor incididunt ut labore et dolore magna aliqua. Quis ipsum suspendisse ultrices gravida. Risus commodo viverra maecenas accumsan lacus vel facilisis. Lorem ipsum dolor sit amet, consectetur adipiscing elit, sed do eiusmod tempor incididunt ut labore et dolore magna aliqua. Quis ipsum suspendisse ultrices gravida. Risus commodo viverra maecenas accumsan lacus vel facilisis. Lorem ipsum dolor sit amet, consectetur adipiscing elit, sed do eiusmod tempor incididunt ut labore et dolore magna aliqua. Quis ipsum suspendisse ultrices gravida. Risus commodo viverra maecenas accumsan lacus vel facilisis.\n\n<\/div>\n\t\t\t\t\t<\/div>\n<\/div>\n<\/div><\/div><\/div><\/div><div id=\"pg-901-2\"  class=\"panel-grid panel-no-style\" ><div id=\"pgc-901-2-0\"  class=\"panel-grid-cell\" ><div id=\"panel-901-2-0-0\" class=\"so-panel widget widget_themegrill_flash_heading tg-widget section-title-wrapper panel-first-child\" data-index=\"2\" ><\/div><div id=\"panel-901-2-0-1\" class=\"so-panel widget widget_themegrill_flash_heading tg-widget section-title-wrapper\" data-index=\"3\" >\t<h3 class=\"section-title\">LE COACHING SCOLAIRE, C\u2019EST QUOI ?<\/h3>\n<\/div><div id=\"panel-901-2-0-2\" class=\"so-panel widget widget_sow-editor panel-last-child\" data-index=\"4\" ><div class=\"flash_inherit_color panel-widget-style panel-widget-style-for-901-2-0-2\" ><div\n\t\t\t\n\t\t\tclass=\"so-widget-sow-editor so-widget-sow-editor-base\"\n\t\t\t\n\t\t>\n<div class=\"siteorigin-widget-tinymce textwidget\">\n\t<p><strong>Le coach scolaire accompagne le jeune \u00e0 utiliser au mieux ses capacit\u00e9s et \u00e0 d\u00e9velopper la confiance en lui, tr\u00e8s souvent manquante.<br \/>\n<\/strong><\/p>\n<p>Apr\u00e8s une premi\u00e8re rencontre avec les parents et l\u2019enfant, nous ferons le bilan des points \u00e0 travailler et \u00e9tablirons des objectifs. Les s\u00e9ances suivantes seront individuelles et hebdomadaires. Les productions scolaires seront \u00e9tudi\u00e9es pour mieux comprendre le fonctionnement de l\u2019enfant et ainsi avancer ! Il est possible de pr\u00e9voir des s\u00e9ances sp\u00e9cifiques pour le jeune qui passe un examen.<\/p>\n<\/div>\n<\/div><\/div><\/div><\/div><div id=\"pgc-901-2-1\"  class=\"panel-grid-cell\" ><div id=\"panel-901-2-1-0\" class=\"so-panel widget widget_sow-image panel-first-child panel-last-child\" data-index=\"5\" ><div\n\t\t\t\n\t\t\tclass=\"so-widget-sow-image so-widget-sow-image-default-d6014b76747a-901\"\n\t\t\t\n\t\t>\n\n<div class=\"sow-image-container\">\n\t\t<img decoding=\"async\" src=\"https:\/\/ok-coach-scolaire.fr\/wp-content\/uploads\/2022\/07\/C1.jpg\" width=\"372\" height=\"320\" srcset=\"https:\/\/ok-coach-scolaire.fr\/wp-content\/uploads\/2022\/07\/C1.jpg 372w, https:\/\/ok-coach-scolaire.fr\/wp-content\/uploads\/2022\/07\/C1-300x258.jpg 300w\" sizes=\"auto, (max-width: 372px) 100vw, 372px\" alt=\"\" loading=\"lazy\" \t\tclass=\"so-widget-image\"\/>\n\t<\/div>\n\n<\/div><\/div><\/div><\/div><div id=\"pg-901-3\"  class=\"panel-grid panel-no-style\" ><div id=\"pgc-901-3-0\"  class=\"panel-grid-cell panel-grid-cell-mobile-last\" ><div id=\"panel-901-3-0-0\" class=\"so-panel widget widget_themegrill_flash_heading tg-widget section-title-wrapper panel-first-child panel-last-child\" data-index=\"6\" ><\/div><\/div><div id=\"pgc-901-3-1\"  class=\"panel-grid-cell panel-grid-cell-empty\" ><\/div><\/div><div id=\"pg-901-4\"  class=\"panel-grid panel-no-style\" ><div id=\"pgc-901-4-0\"  class=\"panel-grid-cell\" ><div id=\"panel-901-4-0-0\" class=\"so-panel widget widget_sow-editor panel-first-child panel-last-child\" data-index=\"7\" ><div class=\"flash_inherit_color panel-widget-style panel-widget-style-for-901-4-0-0\" ><div\n\t\t\t\n\t\t\tclass=\"so-widget-sow-editor so-widget-sow-editor-base\"\n\t\t\t\n\t\t>\n<div class=\"siteorigin-widget-tinymce textwidget\">\n\t<h4><\/h4>\n<h5><strong><u>Des objectifs g\u00e9n\u00e9raux pourront \u00eatre abord\u00e9s, tels que :<\/u><\/strong><\/h5>\n<ul>\n<li><strong>L\u2019Autonomie \/ M\u00e9thodologie<\/strong><\/li>\n<li><strong>La Confiance en soi<\/strong><\/li>\n<li><strong>L\u2019Attention<\/strong><\/li>\n<li><strong>La Motivation<\/strong><\/li>\n<li><strong>La M\u00e9morisation<\/strong><\/li>\n<li><strong>La Gestion du stress \/ des \u00e9motions<\/strong><\/li>\n<\/ul>\n<\/div>\n<\/div><\/div><\/div><\/div><div id=\"pgc-901-4-1\"  class=\"panel-grid-cell\" ><div id=\"panel-901-4-1-0\" class=\"so-panel widget widget_sow-editor panel-first-child panel-last-child\" data-index=\"8\" ><div class=\"flash_inherit_color panel-widget-style panel-widget-style-for-901-4-1-0\" ><div\n\t\t\t\n\t\t\tclass=\"so-widget-sow-editor so-widget-sow-editor-base\"\n\t\t\t\n\t\t>\n<div class=\"siteorigin-widget-tinymce textwidget\">\n\t<h4><\/h4>\n<h5><strong><u>Des objectifs sur des points pr\u00e9cis pourront \u00eatre travaill\u00e9s, tels que :<\/u><\/strong><\/h5>\n<ul>\n<li><strong>Lecture d\u2019une consigne<\/strong><\/li>\n<li><strong>Cr\u00e9ation de cartes mentales<\/strong><\/li>\n<li><strong>Apprentissage des tables de multiplication<\/strong><\/li>\n<li><strong>Utilisation du PC et des logiciels<\/strong><\/li>\n<\/ul>\n<\/div>\n<\/div><\/div><\/div><\/div><\/div><div id=\"pg-901-5\"  class=\"panel-grid panel-no-style\" ><div id=\"pgc-901-5-0\"  class=\"panel-grid-cell\" ><div id=\"panel-901-5-0-0\" class=\"so-panel widget widget_themegrill_flash_heading tg-widget section-title-wrapper panel-first-child panel-last-child\" data-index=\"9\" ><\/div><\/div><\/div><div id=\"pg-901-6\"  class=\"panel-grid panel-no-style\" ><div id=\"pgc-901-6-0\"  class=\"panel-grid-cell\" ><div id=\"panel-901-6-0-0\" class=\"so-panel widget widget_sow-image panel-first-child panel-last-child\" data-index=\"10\" ><div\n\t\t\t\n\t\t\tclass=\"so-widget-sow-image so-widget-sow-image-default-d6014b76747a-901\"\n\t\t\t\n\t\t>\n\n<div class=\"sow-image-container\">\n\t\t<img decoding=\"async\" src=\"https:\/\/ok-coach-scolaire.fr\/wp-content\/uploads\/2022\/07\/C2.jpg\" width=\"372\" height=\"320\" srcset=\"https:\/\/ok-coach-scolaire.fr\/wp-content\/uploads\/2022\/07\/C2.jpg 372w, https:\/\/ok-coach-scolaire.fr\/wp-content\/uploads\/2022\/07\/C2-300x258.jpg 300w\" sizes=\"auto, (max-width: 372px) 100vw, 372px\" alt=\"\" loading=\"lazy\" \t\tclass=\"so-widget-image\"\/>\n\t<\/div>\n\n<\/div><\/div><\/div><div id=\"pgc-901-6-1\"  class=\"panel-grid-cell\" ><div id=\"panel-901-6-1-0\" class=\"so-panel widget widget_sow-editor panel-first-child panel-last-child\" data-index=\"11\" ><div class=\"flash_inherit_color panel-widget-style panel-widget-style-for-901-6-1-0\" ><div\n\t\t\t\n\t\t\tclass=\"so-widget-sow-editor so-widget-sow-editor-base\"\n\t\t\t\n\t\t><h3 class=\"widget-title\">Autre<\/h3>\n<div class=\"siteorigin-widget-tinymce textwidget\">\n\t<p><strong>\u00a0<\/strong><\/p>\n<p>venir Autre Autre texte \u00e0 venir Autre texte\u00a0\u00a0\u00a0\u00a0\u00a0\u00a0\u00a0 \u00e0 venir Autre texte \u00e0 venir Autre texte \u00e0 venir Autre texte \u00e0 venir Autre texte \u00e0 venir Autre texte \u00e0 venir Autre Autre texte \u00e0 venir Autre texte \u00e0 venir Autre texte \u00e0 venir Autre texte \u00e0 venir A.\u00a0\u00a0\u00a0\u00a0\u00a0 utre texte \u00e0 venir Autre texte \u00e0 v enir Autre texte \u00e0 venir Autre Autre texte \u00e0 venir Autre texte \u00e0. venir Autre texte \u00e0 veni.\u00a0\u00a0\u00a0\u00a0 r Autre texte \u00e0 venir Autre texte \u00e0 venir Autre texte \u00e0 venir Autre texte \u00e0 venir Autre Autre texte\u00a0\u00a0\u00a0\u00a0 \u00e0 venir Autre texte \u00e0 venir Autre texte \u00e0 venir Autre texte \u00e0 ven ir\u00a0\u00a0\u00a0\u00a0\u00a0 Autre texte \u00e0 venir Autre texte \u00e0 venir Autre texte Autre texte \u00e0 venir Autre texte \u00e0 venir Autre texte \u00e0 ven Autre texte \u00e0 venir Autre texte \u00e0 venir Autre texte \u00e0 ven<\/p>\n<p><strong>\u00a0<\/strong><\/p>\n<\/div>\n<\/div><\/div><\/div><\/div><\/div><div id=\"pg-901-7\"  class=\"panel-grid panel-no-style\" ><div id=\"pgc-901-7-0\"  class=\"panel-grid-cell\" ><div id=\"panel-901-7-0-0\" class=\"so-panel widget widget_themegrill_flash_heading tg-widget section-title-wrapper panel-first-child panel-last-child\" data-index=\"12\" ><\/div><\/div><\/div><div id=\"pg-901-8\"  class=\"panel-grid panel-no-style\" ><div id=\"pgc-901-8-0\"  class=\"panel-grid-cell\" ><div id=\"panel-901-8-0-0\" class=\"so-panel widget widget_themegrill_flash_heading tg-widget section-title-wrapper panel-first-child panel-last-child\" data-index=\"13\" >\t<h3 class=\"section-title\">Tarifs<\/h3>\n<\/div><\/div><\/div><div id=\"pg-901-9\"  class=\"panel-grid panel-no-style\" ><div id=\"pgc-901-9-0\"  class=\"panel-grid-cell\" ><div id=\"panel-901-9-0-0\" class=\"so-panel widget widget_sow-editor panel-first-child panel-last-child\" data-index=\"14\" ><div class=\"flash_inherit_color panel-widget-style panel-widget-style-for-901-9-0-0\" ><div\n\t\t\t\n\t\t\tclass=\"so-widget-sow-editor so-widget-sow-editor-base\"\n\t\t\t\n\t\t><h3 class=\"widget-title\">Coaching scolaire<\/h3>\n<div class=\"siteorigin-widget-tinymce textwidget\">\n\t<p>Apr\u00e8s une premi\u00e8re rencontre avec les parents et l\u2019enfant d\u2019une dur\u00e9e d\u2019une heure\/une heure trente, et apr\u00e8s explications sur les probl\u00e9matiques rencontr\u00e9es, nous \u00e9tablirons un parcours de suivi. Les rendez-vous durent 60 minutes \u00e0 mon cabinet de Carri\u00e8res sur Seine.<\/p>\n<h4><strong><u>Tarif<\/u><\/strong><\/h4>\n<ul>\n<li>40\u20ac bilan initial<\/li>\n<li>50\u20ac - 1 heure de coaching scolaire<\/li>\n<\/ul>\n<h4><strong><u>Mode de r\u00e8glement\u00a0<\/u>:<\/strong><\/h4>\n<p>A la fin de chaque s\u00e9ance : par esp\u00e8ces, ch\u00e8que ou CB. Toute s\u00e9ance non annul\u00e9e 48h \u00e0 l\u2019avance fera l\u2019objet d\u2019une facturation.<\/p>\n<\/div>\n<\/div><\/div><\/div><\/div><div id=\"pgc-901-9-1\"  class=\"panel-grid-cell\" ><div id=\"panel-901-9-1-0\" class=\"so-panel widget widget_sow-editor panel-first-child panel-last-child\" data-index=\"15\" ><div class=\"flash_inherit_color panel-widget-style panel-widget-style-for-901-9-1-0\" ><div\n\t\t\t\n\t\t\tclass=\"so-widget-sow-editor so-widget-sow-editor-base\"\n\t\t\t\n\t\t><h3 class=\"widget-title\">Soutien Scolaire en fran\u00e7ais<\/h3>\n<div class=\"siteorigin-widget-tinymce textwidget\">\n\t<h3><strong>(niveau primaire)<\/strong><\/h3>\n<p>Des ateliers seront programm\u00e9s durant les vacances scolaires. 5 Ateliers d\u2019une 1h30 par jour. Afin de ne pas surcharger mentalement l\u2019\u00e9l\u00e8ve, une pause sera faite en milieu de s\u00e9ance.<\/p>\n<h4><strong><u>Tarif<\/u><\/strong><\/h4>\n<ul>\n<li>25\u20ac\/atelier soit 125\u20ac pour la session de 5 ateliers par semaine. Sous r\u00e9serve de 5 \u00e9l\u00e8ves inscrits.<\/li>\n<\/ul>\n<h4><strong><u>Mode de r\u00e8glement\u00a0<\/u>:<\/strong><\/h4>\n<p>Acompte de 50\u20ac par virement \u00e0 l\u2019inscription.<\/p>\n<p>&nbsp;<\/p>\n<\/div>\n<\/div><\/div><\/div><\/div><\/div><\/div>","protected":false},"excerpt":{"rendered":"<p>Lorem ipsum dolor sit amet, consectetur adipiscing elit, sed do eiusmod tempor incididunt ut labore et dolore magna aliqua. Quis [&hellip;]<\/p>\n","protected":false},"author":1,"featured_media":780,"parent":0,"menu_order":0,"comment_status":"closed","ping_status":"closed","template":"","meta":{"footnotes":""},"class_list":["post-901","page","type-page","status-publish","has-post-thumbnail","hentry"],"_links":{"self":[{"href":"https:\/\/ok-coach-scolaire.fr\/index.php\/wp-json\/wp\/v2\/pages\/901","targetHints":{"allow":["GET"]}}],"collection":[{"href":"https:\/\/ok-coach-scolaire.fr\/index.php\/wp-json\/wp\/v2\/pages"}],"about":[{"href":"https:\/\/ok-coach-scolaire.fr\/index.php\/wp-json\/wp\/v2\/types\/page"}],"author":[{"embeddable":true,"href":"https:\/\/ok-coach-scolaire.fr\/index.php\/wp-json\/wp\/v2\/users\/1"}],"replies":[{"embeddable":true,"href":"https:\/\/ok-coach-scolaire.fr\/index.php\/wp-json\/wp\/v2\/comments?post=901"}],"version-history":[{"count":64,"href":"https:\/\/ok-coach-scolaire.fr\/index.php\/wp-json\/wp\/v2\/pages\/901\/revisions"}],"predecessor-version":[{"id":1357,"href":"https:\/\/ok-coach-scolaire.fr\/index.php\/wp-json\/wp\/v2\/pages\/901\/revisions\/1357"}],"wp:featuredmedia":[{"embeddable":true,"href":"https:\/\/ok-coach-scolaire.fr\/index.php\/wp-json\/wp\/v2\/media\/780"}],"wp:attachment":[{"href":"https:\/\/ok-coach-scolaire.fr\/index.php\/wp-json\/wp\/v2\/media?parent=901"}],"curies":[{"name":"wp","href":"https:\/\/api.w.org\/{rel}","templated":true}]}}