{"id":1166,"date":"2022-07-09T00:45:47","date_gmt":"2022-07-08T22:45:47","guid":{"rendered":"http:\/\/ok-coach-scolaire.fr\/?page_id=1166"},"modified":"2022-07-09T02:04:18","modified_gmt":"2022-07-09T00:04:18","slug":"troubles-dys","status":"publish","type":"page","link":"https:\/\/ok-coach-scolaire.fr\/index.php\/troubles-dys\/","title":{"rendered":"Troubles DYS"},"content":{"rendered":"<div id=\"pl-1166\"  class=\"panel-layout\" ><div id=\"pg-1166-0\"  class=\"panel-grid panel-no-style\" ><div id=\"pgc-1166-0-0\"  class=\"panel-grid-cell\" ><div id=\"panel-1166-0-0-0\" class=\"so-panel widget widget_themegrill_flash_image tg-widget tg-image-widget panel-first-child panel-last-child\" data-index=\"0\" >\t<img decoding=\"async\" src=\"http:\/\/ok-coach-scolaire.fr\/wp-content\/uploads\/2022\/07\/bandeau7.jpg\" \/>\n<\/div><\/div><\/div><div id=\"pg-1166-1\"  class=\"panel-grid panel-no-style\" ><div id=\"pgc-1166-1-0\"  class=\"panel-grid-cell\" ><div id=\"panel-1166-1-0-0\" class=\"so-panel widget widget_themegrill_flash_service tg-widget tg-single-service panel-first-child panel-last-child\" data-index=\"1\" ><div class=\"flash_inherit_color panel-widget-style panel-widget-style-for-1166-1-0-0\" >\n<div class=\"tg-service-widget tg-service-layout-1\">\n\t<div class=\"service-wrapper\">\n\t\t<div class=\"service-icon-title-wrapper clearfix\">\n\t\t\t\t\t\t\t\t\t\t\t<\/div>\n\t\t\t\t<div class=\"service-content-wrap\">Lorem ipsum dolor sit amet, consectetur adipiscing elit, sed do eiusmod tempor incididunt ut labore et dolore magna aliqua. Quis ipsum suspendisse ultrices gravida. Risus commodo viverra maecenas accumsan lacus vel facilisis. Lorem ipsum dolor sit amet, consectetur adipiscing elit, sed do eiusmod tempor incididunt ut labore et dolore magna aliqua. Quis ipsum suspendisse ultrices gravida. Risus commodo viverra maecenas accumsan lacus vel facilisis. Lorem ipsum dolor sit amet, consectetur adipiscing elit, sed do eiusmod tempor incididunt ut labore et dolore magna aliqua. Quis ipsum suspendisse ultrices gravida. Risus commodo viverra maecenas accumsan lacus vel facilisis.\n\n\n\n<\/div>\n\t\t\t\t\t<\/div>\n<\/div>\n<\/div><\/div><\/div><\/div><div id=\"pg-1166-2\"  class=\"panel-grid panel-no-style\" ><div id=\"pgc-1166-2-0\"  class=\"panel-grid-cell\" ><div id=\"panel-1166-2-0-0\" class=\"so-panel widget widget_sow-editor panel-first-child panel-last-child\" data-index=\"2\" ><div class=\"flash_inherit_color panel-widget-style panel-widget-style-for-1166-2-0-0\" ><div\n\t\t\t\n\t\t\tclass=\"so-widget-sow-editor so-widget-sow-editor-base\"\n\t\t\t\n\t\t><h3 class=\"widget-title\">QUE SONT LES TROUBLES DYS ?<\/h3>\n<div class=\"siteorigin-widget-tinymce textwidget\">\n\t<p>Les troubles DYS sont des troubles sp\u00e9cifiques durables, qui concernent les dysfonctionnements, plus ou moins s\u00e9v\u00e8res, des fonctions cognitives du cerveau relatives au langage, \u00e0 l'\u00e9criture, au calcul, aux gestes et \u00e0 l'attention. Les personnes qui en souffrent n'ont pas de d\u00e9ficience intellectuelle globale.<\/p>\n<h5><strong>DYSLEXIE<\/strong><\/h5>\n<p>Les troubles DYS sont des troubles sp\u00e9cifiques durables, qui concernent les dysfonctionnements, plus ou moins s\u00e9v\u00e8res, des fonctions cognitives du cerveau relatives au langage, \u00e0 l'\u00e9criture, au calcul, aux gestes et \u00e0 l'attention. Les personnes qui en souffrent n'ont pas de d\u00e9ficience intellectuelle globale. Les troubles DYS sont des troubles sp\u00e9cifiques durables, qui concernent les dysfonctionnements, plus ou moins s\u00e9v\u00e8res, des fonctions cognitives du cerveau relatives au langage, \u00e0 l'\u00e9criture, au calcul, aux gestes et \u00e0 l'attention. Les personnes qui en souffrent n'ont pas de d\u00e9ficience intellectuelle globale.<\/p>\n<h5><strong>DYSORTHOGRAPHIE<\/strong><\/h5>\n<p>Les troubles DYS sont des troubles sp\u00e9cifiques durables, qui concernent les dysfonctionnements, plus ou moins s\u00e9v\u00e8res, des fonctions cognitives du cerveau relatives au langage, \u00e0 l'\u00e9criture, au calcul, aux gestes et \u00e0 l'attention. Les personnes qui en souffrent n'ont pas de d\u00e9ficience intellectuelle globale. Les troubles DYS sont des troubles sp\u00e9cifiques durables, qui concernent les dysfonctionnements, plus ou moins s\u00e9v\u00e8res, des fonctions cognitives du cerveau relatives au langage, \u00e0 l'\u00e9criture, au calcul, aux gestes et \u00e0 l'attention. Les personnes qui en souffrent n'ont pas de d\u00e9ficience intellectuelle globale.<\/p>\n<\/div>\n<\/div><\/div><\/div><\/div><div id=\"pgc-1166-2-1\"  class=\"panel-grid-cell\" ><div id=\"panel-1166-2-1-0\" class=\"so-panel widget widget_sow-image panel-first-child panel-last-child\" data-index=\"3\" ><div\n\t\t\t\n\t\t\tclass=\"so-widget-sow-image so-widget-sow-image-default-d6014b76747a-1166\"\n\t\t\t\n\t\t>\n\n<div class=\"sow-image-container\">\n\t\t<img decoding=\"async\" src=\"https:\/\/ok-coach-scolaire.fr\/wp-content\/uploads\/2022\/07\/InfographieDYS_425-1.jpg\" width=\"425\" height=\"592\" srcset=\"https:\/\/ok-coach-scolaire.fr\/wp-content\/uploads\/2022\/07\/InfographieDYS_425-1.jpg 425w, https:\/\/ok-coach-scolaire.fr\/wp-content\/uploads\/2022\/07\/InfographieDYS_425-1-215x300.jpg 215w\" sizes=\"auto, (max-width: 425px) 100vw, 425px\" alt=\"\" loading=\"lazy\" \t\tclass=\"so-widget-image\"\/>\n\t<\/div>\n\n<\/div><\/div><\/div><\/div><div id=\"pg-1166-3\"  class=\"panel-grid panel-no-style\" ><div id=\"pgc-1166-3-0\"  class=\"panel-grid-cell\" ><div id=\"panel-1166-3-0-0\" class=\"so-panel widget widget_themegrill_flash_heading tg-widget section-title-wrapper panel-first-child panel-last-child\" data-index=\"4\" ><\/div><\/div><\/div><div id=\"pg-1166-4\"  class=\"panel-grid panel-no-style\" ><div id=\"pgc-1166-4-0\"  class=\"panel-grid-cell\" ><div id=\"panel-1166-4-0-0\" class=\"so-panel widget widget_sow-image panel-first-child panel-last-child\" data-index=\"5\" ><div class=\"panel-widget-style panel-widget-style-for-1166-4-0-0\" ><div\n\t\t\t\n\t\t\tclass=\"so-widget-sow-image so-widget-sow-image-default-d6014b76747a-1166\"\n\t\t\t\n\t\t>\n\n<div class=\"sow-image-container\">\n\t\t<img decoding=\"async\" src=\"https:\/\/ok-coach-scolaire.fr\/wp-content\/uploads\/2022\/07\/InfographieDYS-2_425.jpg\" width=\"425\" height=\"593\" srcset=\"https:\/\/ok-coach-scolaire.fr\/wp-content\/uploads\/2022\/07\/InfographieDYS-2_425.jpg 425w, https:\/\/ok-coach-scolaire.fr\/wp-content\/uploads\/2022\/07\/InfographieDYS-2_425-215x300.jpg 215w\" sizes=\"auto, (max-width: 425px) 100vw, 425px\" alt=\"\" loading=\"lazy\" \t\tclass=\"so-widget-image\"\/>\n\t<\/div>\n\n<\/div><\/div><\/div><\/div><div id=\"pgc-1166-4-1\"  class=\"panel-grid-cell\" ><div id=\"panel-1166-4-1-0\" class=\"so-panel widget widget_sow-editor panel-first-child panel-last-child\" data-index=\"6\" ><div class=\"flash_inherit_color panel-widget-style panel-widget-style-for-1166-4-1-0\" ><div\n\t\t\t\n\t\t\tclass=\"so-widget-sow-editor so-widget-sow-editor-base\"\n\t\t\t\n\t\t>\n<div class=\"siteorigin-widget-tinymce textwidget\">\n\t<h5><strong><br \/>\nDYSCALCULIE<\/strong><\/h5>\n<p>Les troubles DYS sont des troubles sp\u00e9cifiques durables, qui concernent les dysfonctionnements, plus ou moins s\u00e9v\u00e8res, des fonctions cognitives du cerveau relatives au langage, \u00e0 l'\u00e9criture, au calcul, aux gestes et \u00e0 l'attention. Les personnes qui en souffrent n'ont pas de d\u00e9ficience intellectuelle globale. Les troubles DYS sont des troubles sp\u00e9cifiques durables, qui concernent les dysfonctionnements, plus ou moins s\u00e9v\u00e8res, des fonctions cognitives du cerveau relatives au langage, \u00e0 l'\u00e9criture, au calcul, aux gestes et \u00e0 l'attention. Les personnes qui en souffrent n'ont pas de d\u00e9ficience intellectuelle globale.<\/p>\n<h5><strong>DYSGRAPHIE<\/strong><\/h5>\n<p>Les troubles DYS sont des troubles sp\u00e9cifiques durables, qui concernent les dysfonctionnements, plus ou moins s\u00e9v\u00e8res, des fonctions cognitives du cerveau relatives au langage, \u00e0 l'\u00e9criture, au calcul, aux gestes et \u00e0 l'attention. Les personnes qui en souffrent n'ont pas de d\u00e9ficience intellectuelle globale. Les troubles DYS sont des troubles sp\u00e9cifiques durables, qui concernent les dysfonctionnements, plus ou moins s\u00e9v\u00e8res, des fonctions cognitives du cerveau relatives au langage, \u00e0 l'\u00e9criture, au calcul, aux gestes et \u00e0 l'attention. Les personnes qui en souffrent n'ont pas de d\u00e9ficience intellectuelle globale.<\/p>\n<\/div>\n<\/div><\/div><\/div><\/div><\/div><div id=\"pg-1166-5\"  class=\"panel-grid panel-no-style\" ><div id=\"pgc-1166-5-0\"  class=\"panel-grid-cell panel-grid-cell-mobile-last\" ><div id=\"panel-1166-5-0-0\" class=\"so-panel widget widget_themegrill_flash_heading tg-widget section-title-wrapper panel-first-child panel-last-child\" data-index=\"7\" ><\/div><\/div><div id=\"pgc-1166-5-1\"  class=\"panel-grid-cell panel-grid-cell-empty\" ><\/div><\/div><div id=\"pg-1166-6\"  class=\"panel-grid panel-no-style\" ><div id=\"pgc-1166-6-0\"  class=\"panel-grid-cell\" ><div id=\"panel-1166-6-0-0\" class=\"so-panel widget widget_sow-editor panel-first-child panel-last-child\" data-index=\"8\" ><div class=\"flash_inherit_color panel-widget-style panel-widget-style-for-1166-6-0-0\" ><div\n\t\t\t\n\t\t\tclass=\"so-widget-sow-editor so-widget-sow-editor-base\"\n\t\t\t\n\t\t>\n<div class=\"siteorigin-widget-tinymce textwidget\">\n\t<h5><\/h5>\n<h5>DYSPRAXIE<\/h5>\n<p>Les troubles DYS sont des troubles sp\u00e9cifiques durables, qui concernent les dysfonctionnements, plus ou moins s\u00e9v\u00e8res, des fonctions cognitives du cerveau relatives au langage, \u00e0 l'\u00e9criture, au calcul, aux gestes et \u00e0 l'attention. Les personnes qui en souffrent n'ont pas de d\u00e9ficience intellectuelle globale. Les troubles DYS sont des troubles sp\u00e9cifiques durables, qui concernent les dysfonctionnements, plus ou moins s\u00e9v\u00e8res, des fonctions cognitives du cerveau relatives au langage, \u00e0 l'\u00e9criture, au calcul, aux gestes et \u00e0 l'attention. Les personnes qui en souffrent n'ont pas de d\u00e9ficience intellectuelle globale.<\/p>\n<h5><strong>DYSPHASIE<\/strong><\/h5>\n<p>Les troubles DYS sont des troubles sp\u00e9cifiques durables, qui concernent les dysfonctionnements, plus ou moins s\u00e9v\u00e8res, des fonctions cognitives du cerveau relatives au langage, \u00e0 l'\u00e9criture, au calcul, aux gestes et \u00e0 l'attention. Les personnes qui en souffrent n'ont pas de d\u00e9ficience intellectuelle globale. Les troubles DYS sont des troubles sp\u00e9cifiques durables, qui concernent les dysfonctionnements, plus ou moins s\u00e9v\u00e8res, des fonctions cognitives du cerveau relatives au langage, \u00e0 l'\u00e9criture, au calcul, aux gestes et \u00e0 l'attention. Les personnes qui en souffrent n'ont pas de d\u00e9ficience intellectuelle globale.<\/p>\n<\/div>\n<\/div><\/div><\/div><\/div><div id=\"pgc-1166-6-1\"  class=\"panel-grid-cell\" ><div id=\"panel-1166-6-1-0\" class=\"so-panel widget widget_sow-editor panel-first-child panel-last-child\" data-index=\"9\" ><div class=\"flash_inherit_color panel-widget-style panel-widget-style-for-1166-6-1-0\" ><div\n\t\t\t\n\t\t\tclass=\"so-widget-sow-editor so-widget-sow-editor-base\"\n\t\t\t\n\t\t>\n<div class=\"siteorigin-widget-tinymce textwidget\">\n\t<h5><strong>TDAH<\/strong><\/h5>\n<p>Les troubles DYS sont des troubles sp\u00e9cifiques durables, qui concernent les dysfonctionnements, plus ou moins s\u00e9v\u00e8res, des fonctions cognitives du cerveau relatives au langage, \u00e0 l'\u00e9criture, au calcul, aux gestes et \u00e0 l'attention. Les personnes qui en souffrent n'ont pas de d\u00e9ficience intellectuelle globale. Les troubles DYS sont des troubles sp\u00e9cifiques durables, qui concernent les dysfonctionnements, plus ou moins s\u00e9v\u00e8res, des fonctions cognitives du cerveau relatives au langage, \u00e0 l'\u00e9criture, au calcul, aux gestes et \u00e0 l'attention. Les personnes qui en souffrent n'ont pas de d\u00e9ficience intellectuelle globale.<\/p>\n<h5><strong>HAUT POTENTIEL<\/strong><\/h5>\n<p>Les troubles DYS sont des troubles sp\u00e9cifiques durables, qui concernent les dysfonctionnements, plus ou moins s\u00e9v\u00e8res, des fonctions cognitives du cerveau relatives au langage, \u00e0 l'\u00e9criture, au calcul, aux gestes et \u00e0 l'attention. Les personnes qui en souffrent n'ont pas de d\u00e9ficience intellectuelle globale. Les troubles DYS sont des troubles sp\u00e9cifiques durables, qui concernent les dysfonctionnements, plus ou moins s\u00e9v\u00e8res, des fonctions cognitives du cerveau relatives au langage, \u00e0 l'\u00e9criture, au calcul, aux gestes et \u00e0 l'attention. Les personnes qui en souffrent n'ont pas de d\u00e9ficience intellectuelle globale.<\/p>\n<\/div>\n<\/div><\/div><\/div><\/div><\/div><div id=\"pg-1166-7\"  class=\"panel-grid panel-no-style\" ><div id=\"pgc-1166-7-0\"  class=\"panel-grid-cell\" ><div id=\"panel-1166-7-0-0\" class=\"so-panel widget widget_themegrill_flash_heading tg-widget section-title-wrapper panel-first-child panel-last-child\" data-index=\"10\" ><\/div><\/div><\/div><div id=\"pg-1166-8\"  class=\"panel-grid panel-no-style\" ><div id=\"pgc-1166-8-0\"  class=\"panel-grid-cell\" ><div id=\"panel-1166-8-0-0\" class=\"so-panel widget widget_sow-image panel-first-child panel-last-child\" data-index=\"11\" ><div\n\t\t\t\n\t\t\tclass=\"so-widget-sow-image so-widget-sow-image-default-d6014b76747a-1166\"\n\t\t\t\n\t\t>\n\n<div class=\"sow-image-container\">\n\t\t<img decoding=\"async\" src=\"https:\/\/ok-coach-scolaire.fr\/wp-content\/uploads\/2022\/07\/C9.jpg\" width=\"340\" height=\"276\" srcset=\"https:\/\/ok-coach-scolaire.fr\/wp-content\/uploads\/2022\/07\/C9.jpg 340w, https:\/\/ok-coach-scolaire.fr\/wp-content\/uploads\/2022\/07\/C9-300x244.jpg 300w\" sizes=\"auto, (max-width: 340px) 100vw, 340px\" alt=\"\" loading=\"lazy\" \t\tclass=\"so-widget-image\"\/>\n\t<\/div>\n\n<\/div><\/div><\/div><div id=\"pgc-1166-8-1\"  class=\"panel-grid-cell\" ><div id=\"panel-1166-8-1-0\" class=\"so-panel widget widget_sow-editor panel-first-child panel-last-child\" data-index=\"12\" ><div class=\"flash_inherit_color panel-widget-style panel-widget-style-for-1166-8-1-0\" ><div\n\t\t\t\n\t\t\tclass=\"so-widget-sow-editor so-widget-sow-editor-base\"\n\t\t\t\n\t\t><h3 class=\"widget-title\">Am\u00e9nagements scolaires possibles<\/h3>\n<div class=\"siteorigin-widget-tinymce textwidget\">\n\t<p>Les troubles DYS sont des troubles sp\u00e9cifiques durables, qui concernent les dysfonctionnements, plus ou moins s\u00e9v\u00e8res, des fonctions cognitives du cerveau relatives au langage, \u00e0 l'\u00e9criture, au calcul, aux gestes et \u00e0 l'attention. Les personnes qui en souffrent n'ont pas de d\u00e9ficience intellectuelle globale. Les troubles DYS sont des troubles sp\u00e9cifiques durables, qui concernent les dysfonctionnements, plus ou moins s\u00e9v\u00e8res, des fonctions cognitives du cerveau relatives au langage, \u00e0 l'\u00e9criture, au calcul, aux gestes et \u00e0 l'attention. Les personnes qui en souffrent n'ont pas de d\u00e9ficience intellectuelle globale.<\/p>\n<p>Les troubles DYS sont des troubles sp\u00e9cifiques durables, qui concernent les dysfonctionnements, plus ou moins s\u00e9v\u00e8res, des fonctions cognitives du cerveau relatives au langage, \u00e0 l'\u00e9criture, au calcul, aux gestes et \u00e0 l'attention. Les personnes qui en souffrent n'ont pas de d\u00e9ficience intellectuelle globale. Les troubles DYS sont des troubles sp\u00e9cifiques durables, qui concernent les dysfonctionnements, plus ou moins s\u00e9v\u00e8res, des fonctions cognitives du cerveau relatives au langage, \u00e0 l'\u00e9criture, au calcul, aux gestes et \u00e0 l'attention. Les personnes qui en souffrent n'ont pas de d\u00e9ficience intellectuelle globale.<\/p>\n<p><strong>\u00a0<\/strong><\/p>\n<\/div>\n<\/div><\/div><\/div><\/div><\/div><\/div>","protected":false},"excerpt":{"rendered":"<p>Lorem ipsum dolor sit amet, consectetur adipiscing elit, sed do eiusmod tempor incididunt ut labore et dolore magna aliqua. Quis [&hellip;]<\/p>\n","protected":false},"author":1,"featured_media":0,"parent":0,"menu_order":0,"comment_status":"closed","ping_status":"closed","template":"page-templates\/full-width.php","meta":{"footnotes":""},"class_list":["post-1166","page","type-page","status-publish","hentry"],"_links":{"self":[{"href":"https:\/\/ok-coach-scolaire.fr\/index.php\/wp-json\/wp\/v2\/pages\/1166","targetHints":{"allow":["GET"]}}],"collection":[{"href":"https:\/\/ok-coach-scolaire.fr\/index.php\/wp-json\/wp\/v2\/pages"}],"about":[{"href":"https:\/\/ok-coach-scolaire.fr\/index.php\/wp-json\/wp\/v2\/types\/page"}],"author":[{"embeddable":true,"href":"https:\/\/ok-coach-scolaire.fr\/index.php\/wp-json\/wp\/v2\/users\/1"}],"replies":[{"embeddable":true,"href":"https:\/\/ok-coach-scolaire.fr\/index.php\/wp-json\/wp\/v2\/comments?post=1166"}],"version-history":[{"count":61,"href":"https:\/\/ok-coach-scolaire.fr\/index.php\/wp-json\/wp\/v2\/pages\/1166\/revisions"}],"predecessor-version":[{"id":1261,"href":"https:\/\/ok-coach-scolaire.fr\/index.php\/wp-json\/wp\/v2\/pages\/1166\/revisions\/1261"}],"wp:attachment":[{"href":"https:\/\/ok-coach-scolaire.fr\/index.php\/wp-json\/wp\/v2\/media?parent=1166"}],"curies":[{"name":"wp","href":"https:\/\/api.w.org\/{rel}","templated":true}]}}